s e193 + 57?
e1ea
In base 10, what is -175235 - 107?
-175342
In base 15, what is -198eb922 + 1?
-198eb921
In base 15, what is -4 + 8959a6?
8959a2
In base 11, what is -461a984 - 6?
-461a98a
In base 2, what is 1 - 100010110110000011001010?
-100010110110000011001001
In base 3, what is 20101 - -211220012?
212010120
In base 7, what is 13143 - -44?
13220
In base 2, what is 111010110010100 - 111010100?
111001111000000
In base 3, what is 1022112110012002 - -11?
1022112110012020
In base 11, what is 3 + a9028882?
a9028885
In base 6, what is 403 - -15042325?
15043132
In base 14, what is 3 + 487d3a?
487d3d
In base 6, what is 31 - -333213042?
333213113
In base 2, what is 11010 + -10101110110001001000?
-10101110110000101110
In base 13, what is 10014 + b3?
100c7
In base 13, what is -31bc3b + -4?
-31bc42
In base 10, what is -1895 + 2518?
623
In base 9, what is 550565 - 1360?
548205
In base 4, what is 112333012 - 120203?
112212203
In base 8, what is 12 - -15465501?
15465513
In base 5, what is 2211343 + -100001?
2111342
In base 9, what is -3521 + -47452?
-52073
In base 11, what is -4 + 21993471?
21993468
In base 5, what is 10423120 + -234?
10422331
In base 11, what is 917a + -824?
8456
In base 3, what is -11012202102 + -2021201?
-11022001010
In base 3, what is 21100002110120 + -101?
21100002110012
In base 3, what is 102 - 212011020221220?
-212011020221111
In base 12, what is 3 - -965664?
965667
In base 10, what is 271 + 138463?
138734
In base 12, what is 5 + -4b031078?
-4b031073
In base 14, what is b2d7bb8 - 1?
b2d7bb7
In base 13, what is 2 + 1a22a0?
1a22a2
In base 8, what is -4310 - -5552?
1242
In base 3, what is 1100010012221 + -110?
1100010012111
In base 11, what is 40050937 + -2?
40050935
In base 6, what is 2303151534 - 5?
2303151525
In base 12, what is -5072 + 301?
-4971
In base 16, what is -14c0a512 + -2?
-14c0a514
In base 4, what is -10033030211 + -3131?
-10033100002
In base 4, what is -33201301133232 + 3?
-33201301133223
In base 4, what is 2003102111 - -3?
2003102120
In base 4, what is 20 - 113130101312?
-113130101232
In base 10, what is -44371 - 4258?
-48629
In base 8, what is 36556407 - 0?
36556407
In base 6, what is 10502 - 232320?
-221414
In base 6, what is 250050 + -1023?
245023
In base 16, what is -2 - 23dedf?
-23dee1
In base 8, what is 14133645 + 0?
14133645
In base 13, what is -a + 10582b?
105821
In base 15, what is -8bcb885 - -4?
-8bcb881
In base 12, what is -4 + -39b591?
-39b595
In base 9, what is -3 - 347855802?
-347855805
In base 6, what is -32522 + 200530?
124004
In base 13, what is 7c - -670091?
670140
In base 5, what is 1312 + 2201040?
2202402
In base 11, what is 240 - -26727a?
26750a
In base 13, what is 10180a - 2b?
1017ac
In base 11, what is -4 - -68420968?
68420964
In base 11, what is 3 + 30184804?
30184807
In base 12, what is 35aa098a + -5?
35aa0985
In base 4, what is 1021233233002 - 1?
1021233233001
In base 5, what is 110400420 - 21121?
110324244
In base 3, what is -2110 - -1112211102?
1112201222
In base 13, what is 43 - -140843c?
1408482
In base 8, what is -65623200 - -1?
-65623177
In base 13, what is 8ac + -12a3a?
-1215b
In base 9, what is 2 + 35050070?
35050072
In base 7, what is 435310366 - 6?
435310360
In base 3, what is -110021 + 222211202110?
222211022012
In base 3, what is -12011111 - -11000202?
-1010202
In base 14, what is -d - a56a3?
-a56b2
In base 11, what is 9a83343 + -11?
9a83332
In base 6, what is 522 - 204142?
-203220
In base 16, what is 61440 + -393?
610ad
In base 2, what is -10 - -1010111001010101001110?
1010111001010101001100
In base 8, what is -74201024 - 4?
-74201030
In base 8, what is 57160 - -3672?
63052
In base 6, what is 3051403114 - 4?
3051403110
In base 9, what is -36 + -5170175?
-5170222
In base 12, what is 429b4 - 206?
427aa
In base 3, what is -1012110 - -200121220?
122102110
In base 12, what is 1 - 1b950ba?
-1b950b9
In base 10, what is 2 - -28935698?
28935700
In base 13, what is -cb44b + 97?
-cb384
In base 10, what is 3 - 93114?
-93111
In base 14, what is 1d79173 + 4?
1d79177
In base 11, what is -5 - -1244238?
1244233
In base 16, what is 32f5 + -2d?
32c8
In base 16, what is 64e538 - -1?
64e539
In base 8, what is -121130760 + -20?
-121131000
In base 5, what is -3 - -111112120143?
111112120140
In base 10, what is -21325 - 225?
-21550
In base 3, what is -10220 - -1201212021?
1201201101
In base 8, what is 52 + 205263146?
205263220
In base 7, what is -102 - -22046303?
22046201
In base 8, what is 10 + -11264?
-11254
In base 8, what is -125174 + -46?
-125242
In base 4, what is -202203031021 + -3?
-202203031030
In base 16, what is 2 + -28232a0?
-282329e
In base 9, what is -642 - 11053?
-11705
In base 14, what is -a403210 + 0?
-a403210
In base 7, what is 21044 - 521?
20223
In base 13, what is -276 - 19074?
-1931a
In base 10, what is 4 - 406727462?
-406727458
In base 13, what is -456 + 2c711?
2c288
In base 15, what is -1ce3379 - -4?
-1ce3375
In base 11, what is 2 - a60399?
-a60397
In base 15, what is -c + 70437c?
704370
In base 12, what is -10 + 719a7b5?
719a7a5
In base 14, what is -2b49 - ba86?
-107d1
In base 10, what is -4966071 + 27?
-4966044
In base 15, what is 0 - 3d806b5?
-3d806b5
In base 6, what is -40334 - -1020154?
535420
In base 12, what is 9 - 260bb8a?
-260bb81
In base 7, what is 463040 + -21211?
441526
In base 6, what is -422005212 - -4?
-422005204
In base 5, what is 2 - 142444324?
-142444322
In base 11, what is 886 + 14970?
15746
In base 14, what is 27d85b - d?
27d84c
In base 16, what is -33a40 - 1f8?
-33c38
In base 4, what is 22 - 32313232?
-32313210
In base 12, what is -2a4 + -561520?
-561804
In base 16, what is 950 - 4058?
-3708
In base 8, what is -3 + -10163246?
-10163251
In base 7, what is 0 + -14345303?
-14345303
In base 8, what is -66 - -26440434?
26440346
In base 16, what is -23cf462 + 4?
-23cf45e
In base 15, what is 0 - 2d4e249?
-2d4e249
In base 2, what is -1100110000100000 + -11100001?
-1100110100000001
In base 14, what is -2c0 - -12bb3?
128d3
In base 12, what is 5a6 + a184?
a76a
In base 7, what is 35 - 16354132?
-16354064
In base 8, what is -1 - -4434163?
4434162
In base 15, what is 790d68 - 0?
790d68
In base 4, what is 33 + 3010312211?
3010312310
In base 2, what is -10010011110101 + -100000101?
-10010111111010
In base 5, what is 102411 + 32431?
140342
In base 7, what is 440422 + -6134?
431255
In base 6, what is 412 + -142314?
-141502
In base 12, what is -3391 - -b028?
7857
In base 2, what is 11110110000110001100000111010 - 1?
11110110000110001100000111001
In base 8, what is -134 - -17663372?
17663236
In base 7, what is -2504014662 - 2?
-2504014664
In base 7, what is -10053004 + -316?
-10053323
In base 8, what is 21064 + 255?
21341
In base 10, what is 7928750 + -2?
7928748
In base 9, what is -238562 + -168?
-238741
In base 10, what is -15067528 + -5?
-15067533
In base 15, what is 7 + 2c241?
2c248
In base 4, what is -20310 - 3100?
-30010
In base 3, what is 0 + 100202020222001212?
100202020222001212
In base 2, what is 1000001111011 + 10000011111000100?
10001100000111111
In base 14, what is -1554590 + -7?
-1554597
In base 11, what is -1653167 - 24?
-1653190
In base 8, what is 20151 + -11566?
6363
In base 12, what is -4086 - -2663a?
22574
In base 6, what is 112 + 33244413?
33244525
In base 5, what is 4 - 2434210100?
-2434210041
In base 5, what is -11333142403 + 1?
-11333142402
In base 5, what is 21 + -231044431?
-231044410
In base 7, what is 1023 + -55040?
-54014
In base 15, what is -15c2a - b?
-15c36
In base 16, what is 192a65 + -a4?
1929c1
In base 5, what is -41434 - 124331?
-221320
In base 10, what is 1 + -2504891?
-2504890
In base 8, what is -11045441473 - 2?
-11045441475
In base 7, what is 5455435305 + 5?
5455435313
In base 8, what is -50712 - -50262?
-430
In base 16, what is 2c6b + 681?
32ec
In base 3, what is 11100111222221101020 - -2?
11100111222221101022
In base 3, what is 2 - 10001122202202?
-10001122202200
In base 2, what is 101100011 + 1111001111010111?
1111010100111010
In base 3, what is -11002 - -20200011011?
20200000002
In base 2, what is 1001110111000010 - -11010000?
1001111010010010
In base 2, what is -1111 + 11101111111000111000?
11101111111000101001
In base 13, what is 1 + 4c871277?
4c871278
In base 6, what is 14123013042 + -5?
14123013033
In base 14, what is 1 - -b33a08?